= -4. What is the remainder when i is divided by r?
10
Suppose 5*s = -3*k + 20, s + 3*k - 13 = 3*s. Let y be s/(-1 - 99/(-96)). Suppose -3*o + 58 = -y. Calculate the remainder when o is divided by 11.
8
Suppose 4*d - 345 = -3*g - 0*d, -2*d = 5*g - 561. Let z = -94 + g. Calculate the remainder when 83 is divided by z.
15
Let i be ((-6)/(-4))/((-15)/(-80)). Suppose 68 = 2*r + i. Calculate the remainder when 89 is divided by r.
29
Let d = -7 + 12. Suppose -4*g = -25 + 5. Suppose 8 = 2*f - 5*v, -g*f = -v - 4*v - 20. Calculate the remainder when d is divided by f.
1
Let z be ((-21)/(-49))/(2/14). Suppose 6*k - 27 = z. What is the remainder when 10 is divided by k?
0
Let u(l) = -11*l - 15. Let g be u(-5). Let k = g + -25. Suppose 168 = 3*a + 3*p, -3*a + 8*a = 5*p + 270. What is the remainder when a is divided by k?
10
Let s(r) = r**3 - 2*r + 24. Suppose -5*f + f = 8. Let c be (-3)/f + 15/(-10). Calculate the remainder when 47 is divided by s(c).
23
Suppose 0 = 5*h + 2*b - 6*b - 224, 2*h - 112 = -4*b. What is the remainder when 60 is divided by h?
12
Let q(c) = -2*c**3 - 2*c**2 + 2. Let o(y) = -y**3 + 23*y**2 - 22*y + 38. What is the remainder when o(22) is divided by q(-2)?
8
Suppose 974 - 144 = 5*l. Suppose 5*p + 21 - l = 0. Calculate the remainder when 113 is divided by p.
26
Suppose 4*v - 5*n - 1351 = 174, 1146 = 3*v - 3*n. Suppose 18*q - v = 11*q. Let w(i) = 2*i**2 - i - 2. Calculate the remainder when q is divided by w(-3).
17
Let y(t) = -7*t - 7. Let f be -1 - -278 - (12 - 9). Suppose n = -n + f. Calculate the remainder when n is divided by y(-6).
32
Suppose 22*m = 28*m - 150. Calculate the remainder when m is divided by 18.
7
Let t = 384 - 164. Calculate the remainder when t is divided by 75.
70
Let g be ((-4)/6)/(2/453). Let q = g + 302. Let o = q - 106. Calculate the remainder when o is divided by 23.
22
What is the remainder when 414 is divided by (-12)/(-8)*(-4)/(-24)*88?
18
Suppose y = 3*y - 28. What is the remainder when 91 + 36/(3 - -6) is divided by y?
11
Let c(i) = 17*i + 1. What is the remainder when (-24992)/(-142) + 4/(-1) + 0 is divided by c(2)?
32
Suppose 4*y + 2*i = 334, 2*y + 2*y + 5*i = 337. What is the remainder when y is divided by 17/(1/((-3)/(-3)))?
15
Let y = -1 - -11. Suppose -2*j + 5*k = -6, 2*k + y = 2*j - k. Calculate the remainder when 23 is divided by j.
7
Let i = 347 - 182. Calculate the remainder when i is divided by 18.
3
Suppose 0 = -9*n + 4*n + 55. Let i(b) = 0*b**2 - 1 - 2*b**2 - b**2 + 5*b**2. What is the remainder when i(4) is divided by n?
9
Suppose -19*u + 21*u - 24 = 0. Calculate the remainder when u is divided by (-7)/2*(-3 + 1).
5
Let i = -1 + 3. Suppose -i*t = -7*t + 50. Calculate the remainder when 33 is divided by 25/t*(-18)/(-5).
6
Let n be 1440/55 + 4/(-22). Suppose 3*q - 5*q + 100 = 0. What is the remainder when q is divided by n*(-2)/(-4)*1?
11
Suppose 126 = 24*f - 1314. Calculate the remainder when f is divided by 22.
16
Suppose 0 = 5*a + 5 - 110. Calculate the remainder when ((-264)/16 + -4)/(9 - (-385)/(-42)) is divided by a.
18
Suppose 31 = 3*p + 4*i, -i = 2*p - 3 - 21. What is the remainder when 32 is divided by p?
6
Suppose -519 = -20*z - 179. Calculate the remainder when z is divided by 5.
2
What is the remainder when 30 is divided by 1090/90 + 1 - 1/9?
4
Suppose 12*s = -2*s + 4172. What is the remainder when s is divided by 23?
22
Suppose 2*t + 107 = 2*k + 63, 0 = 2*k - 4*t - 50. Calculate the remainder when 470 is divided by k.
14
Let r(p) = -p**3 - 7*p**2 - 7*p - 7. Let y be r(-6). What is the remainder when 117 is divided by -5*(-2 - (-2 + 7 + y))?
27
Let j(t) = t**3 + t. Let d be j(-2). Let r be 40/d*(-2)/(-4). What is the remainder when (-3 + 4 - r) + 11 is divided by 4?
2
Calculate the remainder when 118 is divided by -2*3*(-110)/60.
8
Suppose 4*o + 3 = -5*x + 1, 6 = -3*x. Suppose 3*z = 9, -o*t + 0*z + 98 = -2*z. Suppose 4*y + 28 = 100. What is the remainder when t is divided by y?
16
Let m(i) = 2 - 2 - 11 + 3*i. Calculate the remainder when m(8) is divided by (-4)/(-1)*-20*2/(-32).
3
Let p be -4 + 7 - -2 - 0. Suppose 4*a - 55 = 2*a + 3*l, -a - p*l = -47. What is the remainder when a is divided by (-3)/5 + (-56)/(-10)?
2
Let b = -42 + 78. Let i(q) = 31*q - 920. Calculate the remainder when b is divided by i(30).
6
Let g = -2 - -8. Suppose l = -3*u - 123, -2*u - 3*l + 0*l - 89 = 0. Let a = u - -62. What is the remainder when a is divided by g?
4
Let a(w) be the first derivative of w**4/4 + 2*w**3 - 9*w**2/2 + 8. What is the remainder when a(4) is divided by 14?
12
Suppose 3*p = -19 + 79. Let q(t) = t**2 - 3*t + 2. Let u be q(2). Suppose u*k = -k + p. What is the remainder when k is divided by 7?
6
Let p(y) = 83*y**2. Calculate the remainder when 577 is divided by p(-1).
79
Let g = -1 - 0. Suppose 13*x - 732 = x. What is the remainder when x is divided by 0 - 0 - (-33 - g)?
29
Suppose -4*i + 187 = 15. Let l = 80 - i. Calculate the remainder when 23 is divided by (-4)/12 - l/(-3).
11
Let p be (0/(-1) - 3) + 5. Let y = p + -4. Let z(h) = -h**3 - 2*h + 1. What is the remainder when 49 is divided by z(y)?
10
Suppose -4*a = -222 + 26. Suppose 4*f - 443 = a. What is the remainder when f is divided by 31?
30
Let z(p) = -3 - 52*p + 49*p + 7. Let w be z(0). Suppose -w*y - 238 = -4*g + g, -2*g = -y - 152. Calculate the remainder when g is divided by 19.
17
Let v(o) = o**3 - 31*o**2 + 35*o - 12. Let h be v(30). Suppose 4*z - 3*f = 9*z - 730, -z = -f - h. What is the remainder when z is divided by 29?
27
Suppose -41 - 57 = 7*t. Calculate the remainder when 9 is divided by (-48)/t + 15/(-35).
0
Suppose -3*w = -2*w + w. Suppose 3*z - 6 + 0 = w. What is the remainder when z is divided by 2?
0
Suppose 2*x - x = h + 3, 3*x + 5*h - 9 = 0. Suppose -4*r - 2*j + 0*j + 30 = 0, 11 = 2*r - 3*j. What is the remainder when r is divided by x?
1
Let g(f) = -f**2 + 147. Suppose 0 = -4*u + 367 - 219. Calculate the remainder when g(0) is divided by u.
36
Let d(q) = 23*q - 169. What is the remainder when d(17) is divided by 14?
12
Let g = -7 + 15. Suppose 7*i = 9*i - g. Suppose -2*j - 3*p = -0*p - 17, -38 = -2*j + i*p. Calculate the remainder when j is divided by 8.
5
Let h(s) = 24*s - 427. What is the remainder when h(24) is divided by 5?
4
Suppose -4*a - 5*i + 22 = 0, 0 = a - i - 2 + 1. Let k(s) = 3*s**3 - 3*s**2 - 4*s - 1. Calculate the remainder when 121 is divided by k(a).
39
Suppose -3*y + 11 + 130 = 0. Suppose -2*k - 80 = -3*m, -2*m + 5*k - y = -4*m. Suppose 0 + m = l. Calculate the remainder when l is divided by 15.
11
Suppose -5*k - 292 = -k. Let s = k - -83. What is the remainder when 128 is divided by s?
8
Let r = 165 + -116. What is the remainder when 387 is divided by r?
44
Suppose -28*h + 76*h = 672. Calculate the remainder when 44 is divided by h.
2
Let m be (-2)/(-2)*0/(-1). Suppose m*j = j - 16. Let z(u) = -u**3 - 12*u**2 - 29*u - 8. Calculate the remainder when j is divided by z(-9).
6
Suppose -9*d + 4*d = -25. Suppose -228 = o - d*o. Calculate the remainder when o is divided by 12.
9
Let x = 93 - 55. Suppose -2*d + n = -3*d + 5, -4*d + 2*n + x = 0. What is the remainder when 13 is divided by d?
5
Let k(h) = 2*h**3 - 14*h**2 + 22*h - 7. Calculate the remainder when 147 is divided by k(5).
0
Let a(x) = x - 1. Let u(w) = w. Let z be u(4). Suppose l + h + 2*h = z, -2*l = 4*h - 8. What is the remainder when a(10) is divided by l?
1
Let h = 11 - 4. Suppose 2*f + 3*k + 10 = h*f, 4*k = 0. Suppose -j - 2*o + 3 = 0, -f*j + 7 = -3*o + 1. What is the remainder when 5 is divided by j?
2
Suppose -5*k = -15, 3*k = 4*y + 4*k - 859. Calculate the remainder when y is divided by 27.
25
Let m = -2 - -14. Suppose -a = 3*a - m. Calculate the remainder when a is divided by 3.
0
Let p(u) = u. Let f be p(1). Suppose f = 2*c - 19. Suppose 5*a - 88 = w, -9*w = 5*a - 11*w - 86. Calculate the remainder when a is divided by c.
8
Suppose 0 = -2*d - 5*g + 63, -72 - 3 = -5*d + 4*g. Suppose -341 = -13*a + 868. Calculate the remainder when a is divided by d.
17
Let l(n) be the second derivative of -n**3/3 + 9*n**2/2 - 3*n. Let g = 24 + -35. Calculate the remainder when l(g) is divided by 8.
7
Let n(o) = -o**2 - 33*o + 141. What is the remainder when 103 is divided by n(-36)?
4
Let k be ((-192)/(-5))/((-2)/(-15)). Suppose k = 